*r + 4*u, 3*r - 5*u - 562 = 0. What is the hundreds digit of r?
1
Let r = -266 + 268. Suppose -r*f + 4*n + 1158 = 0, 3*f - n + 225 = 1972. What is the hundreds digit of f?
5
Let u = -23787 + 50812. What is the thousands digit of u?
7
Let p(v) = -39*v + 5. Let y be p(2). Let d = 70 + y. What is the hundreds digit of 5/(-25) + (-2192)/(-10) - d?
2
What is the hundreds digit of (-16 - 6 - 0) + 33343?
3
Let o(h) = -4*h**3 - 7*h**2 + 19264. What is the thousands digit of o(0)?
9
Let v(y) = -4*y**2 - 286*y - 10. Let g be v(-70). Suppose -3*k - 59 + 11 = -3*z, -2*k = -z + 30. What is the tens digit of (-26)/91 - g/k?
2
Let l be ((-212)/(-6))/((-24)/1368) + 4. Let o = l - -3247. What is the hundreds digit of o?
2
Let d(m) = m**3 - 4*m**2 - 35*m**2 + 3*m**2 + 38*m + 4*m**2 + 74. What is the hundreds digit of d(31)?
2
Suppose -n = -1 + 11. What is the units digit of 6/n - (-1)/(-10)*-2786?
8
Suppose 7*s - 10*s + 256 = -5*w, 440 = 5*s + 5*w. Let a = s + -33. What is the tens digit of a?
5
Let a(g) = 15*g**2 - 121*g - 8964. What is the ten thousands digit of a(-71)?
7
Let n be -6*(6 - 9184/21). Suppose -7*z + 198 + n = 0. What is the units digit of z?
8
Let q(d) = 2*d**3 - 3*d**2 - d - 2. Suppose 6*z - 19 = 11. Let r be q(z). Suppose 7*b + 0*b - r = 0. What is the units digit of b?
4
Suppose 6*a - 10*a + 16 = 0. Let f(o) = 66*o**2 + 5*o - 15. What is the tens digit of f(a)?
6
What is the tens digit of (-27357)/1320*-30*(-104)/(-3)?
5
Let x = -463 + 328. Let h = x - -155. What is the units digit of h?
0
Let b(z) = -1012*z + 521. What is the tens digit of b(-8)?
1
Suppose l + 43 = -14. Let g = -92 - l. Let p = g - -95. What is the units digit of p?
0
What is the tens digit of 57652 - (-4)/(-4) - 77/(14 + -3)?
4
Let s(y) = -56*y + 4822. What is the tens digit of s(0)?
2
Suppose -167 + 263 = 8*x. Suppose 0 = -x*z - 14*z + 26520. What is the tens digit of z?
2
Suppose -11*n + 77768 - 4856 = -3*n. What is the tens digit of n?
1
Suppose 0 = -4205*n + 4210*n - 2*o - 31415, -3*n - 4*o = -18875. What is the thousands digit of n?
6
Let s(r) = -r**2 + 2*r + 51. Let u be s(0). Let h be u*10/(-12)*(6 - 10). Suppose h = 4*a - 62. What is the units digit of a?
8
Suppose 27*r = 50373 + 19206. What is the thousands digit of r?
2
Suppose 0 = -9*y - y + 40. Suppose 3*q = -2*m + 3*m, -y*q = 4*m + 16. What is the units digit of (-13)/((-65)/300) - (q + 0)?
1
Let b(y) = y**3 - 11*y**2 + 40*y - 243. What is the tens digit of b(31)?
1
What is the hundreds digit of ((-33825)/66)/((-14)/672)?
6
Let v = -4842 + 45322. What is the hundreds digit of v?
4
Let p = -3595 + 2013. Let y = p + 2290. Suppose -8*d = -4*d - y. What is the tens digit of d?
7
Let l(s) = s**3 - s**2 + 3*s + 14. Let g be l(0). Suppose g = 10*q - 26. Suppose -q*c + 5*c = 8. What is the units digit of c?
8
Suppose -133 = d - 31. Let n = -56 - d. Suppose -4*l + 106 = -n. What is the units digit of l?
8
Suppose 7*k = 4*k + 4*t - 388, 0 = 5*k - t + 658. What is the units digit of ((-18)/4)/((-130)/k - 1)?
7
Suppose -4*r = 11*d - 9*d + 120, 0 = 2*d + 3*r + 125. What is the tens digit of -76*((-15)/75)/((-4)/d)?
6
Let s = -69 - -74. Suppose -s*b + 5*y = -30, 2*y - 5*y - 9 = 0. Suppose -5*a + 584 = 4*u, 5*u + b*a - 730 = a. What is the hundreds digit of u?
1
Let o(s) = s. Let q be o(-4). Let d be 3/q*(24 + -288). Let h = 339 - d. What is the tens digit of h?
4
Suppose 47695 = 5*k - 29*t + 34*t, -t - 19066 = -2*k. What is the hundreds digit of k?
5
What is the units digit of 8/10 + 2085079/475*5?
9
Let u be 6*265/(-10)*-2 + -5. Let p = u - -11. What is the units digit of p?
4
Let v(c) = 0*c**2 + 10 + 2*c**2 + 5*c**2 - 4*c**2 - c**3 + 6*c**2 - 9*c. What is the units digit of v(8)?
2
Let y be (-3738)/(-30) - (-3)/(-5). Let f = 241 - y. Suppose 6*o - f = 45. What is the tens digit of o?
2
Let g be (-2*(-4)/(-10))/((-98)/2205). Suppose -g*h = -23*h + 3935. What is the units digit of h?
7
Suppose 838 - 38 = 40*q. Suppose q*g - 12471 = 2689. What is the tens digit of g?
5
Let l = 224 - 194. Suppose l*c - 612 = 18*c. What is the units digit of c?
1
Suppose 24*v - 483892 + 149212 = 0. What is the thousands digit of v?
3
Let w(o) = 27*o - 1. Let v be w(4). Let x(u) = 2*u**3 - 2*u**2 + 2*u - 6. Let h be x(2). Let b = v - h. What is the tens digit of b?
0
Suppose -2*b + 50 = 4*c, -17*b - 3 = -16*b. Let k(z) = z**3 - 10*z**2 - 13*z + 85. What is the units digit of k(c)?
7
Let f = -7128 + 29058. What is the hundreds digit of f?
9
Let z(g) = -2*g**2 + 4*g + 13. Suppose 25 = -u + 6*u. Let n be z(u). Let d = n - -34. What is the units digit of d?
7
Let o(i) = -50*i**3 + 3*i**2 + 13*i - 92. What is the units digit of o(-10)?
8
Suppose -j - 1106 - 6060 = -2*w, -3610 = -w - 4*j. What is the thousands digit of w?
3
Suppose -4*u + 32 = 0, -64*r + 60*r + 3*u = -285244. What is the hundreds digit of r?
3
Let h(d) = 4021*d - 835. What is the thousands digit of h(12)?
7
Let o = 13568 - 8392. What is the units digit of o?
6
Let b = 13515 - -16091. What is the units digit of b?
6
Let c(g) = -14*g - 29. Let n(b) be the first derivative of b**4/4 - 4*b**3/3 - 9*b**2/2 + 8*b - 18. Let p be n(5). What is the tens digit of c(p)?
3
Suppose -5*v = -2*s - 1022, 5*v - 589 - 425 = 4*s. Let g = 398 + v. What is the hundreds digit of g?
6
What is the hundreds digit of (-1)/((-10)/(13 - -45017))?
5
Suppose 2*o - 2*u - 22530 = 0, 17*o + u = 13*o + 45080. What is the units digit of o?
9
Suppose -7*x = -8*x. Suppose x = -38*t + 42*t - 12. Let l(y) = 2*y**3 + 6*y**2 + 3*y. What is the units digit of l(t)?
7
Let q be 9/(-45) + 0 + 2/10. Suppose -33*n + 37*n - 388 = q. Suppose -n*c = -101*c + 988. What is the hundreds digit of c?
2
Suppose 0 = 7*v + 35, 2*v = 3*x - 19419 - 54244. What is the thousands digit of x?
4
Suppose -67*u - 21*u = -17*u - 955731. What is the hundreds digit of u?
4
Suppose 4*c + 36 = -3*i - 25, 0 = -3*c - 3. Let m(l) = 11*l + 238. What is the tens digit of m(i)?
2
Suppose -132396 = -54*h + 42*h. What is the hundreds digit of h?
0
Let v = 4288 - -288. What is the units digit of v?
6
Let h(y) = 25*y**2 + 143*y - 3087. What is the units digit of h(20)?
3
Let n(m) = -54*m**3 + 9*m**2 + 6*m + 2. Suppose 0 = -7*j + 115 - 136. What is the units digit of n(j)?
3
Let w(d) = 2*d**3 - 36*d**2 - 216*d - 24. What is the hundreds digit of w(27)?
2
Suppose -70*j = -98*j + 2716. What is the units digit of j?
7
What is the thousands digit of (1242510/996)/(-1 + (-47)/(-46))?
7
Let b(p) = -2*p**3 - 6*p**2 + 11*p - 20. What is the thousands digit of b(-12)?
2
Suppose -5*c + 4*y + 60926 = 0, 12*c - 15*c + 36564 = -y. What is the hundreds digit of c?
1
Suppose 0 = -4*i + 156*h - 153*h + 18682, 4*h + 8 = 0. What is the tens digit of i?
6
Let a(s) = -57*s + 146. Let q be a(5). Let b = 68 - q. What is the units digit of b?
7
Suppose 15 = -3*q - 0, 2*u = -q + 711. Suppose -435 = -5*o - 4*d + 2, 0 = -4*o + d + u. What is the units digit of o?
9
Let p = 228 - 232. What is the hundreds digit of 5*843*((-42)/(-10) + p)?
8
Suppose 11 = 2*y - 4*z + 3, 3*z + 27 = 5*y. Suppose 5*p - y*p + 101 = 0. What is the hundreds digit of p?
1
What is the ten thousands digit of 9166573/(-2834)*(-3 - 1)*1?
1
Let u = -40996 - -64583. What is the thousands digit of u?
3
Suppose 5*a - 5*t = -50, a = -a - 3*t - 25. Let z(o) = o**2 - 21*o + 13. What is the hundreds digit of z(a)?
3
Let f = 542 - 866. What is the units digit of 8914/18 - (-72)/f?
5
What is the tens digit of (44/(-10) - 6/(-15)) + 6051 + 48?
9
Let w = -191 - -195. Suppose 3*d = -4*j + 2906, -3*j - 3*d = -w*d - 2173. What is the units digit of j?
5
Let z = 12831 - 7898. What is the tens digit of z?
3
Let r = -12938 - -42240. What is the ten thousands digit of r?
2
Suppose 3*z - 9 = 0, -5*c + 5974*z + 43060 = 5969*z. What is the thousands digit of c?
8
What is the thousands digit of 5 - (1 - (3218 + -12))?
3
Suppose -342 = 4*q - 1274. Suppose -83 = -3*o - q. Let g = o + 140. What is the tens digit of g?
9
Let a = 801 - 552. Suppose 0 = 2*w - a + 13. Suppose 0 = -3*j + w + 101. What is the units digit of j?
3
Let n = 22 + -115. What is the hundreds digit of 6/4*(-21142)/n?
3
Suppose -8*i = -163 - 5. Suppose -b = i*b - 3894. What is the units digit of b?
7
Suppose 3*n - 30 = 5*o, 3*n - 17 = -n - o. Suppose -3*b = 7 + n, 967 = 3*c